p).
4
Let b(q) = -q**3 + 2*q + 1. Let i(y) = y**2 - 7*y - 4. Let f be i(6). Let l = f + 14. Let d be (-3 + 1)*l/(-4). Give b(d).
-3
Let a be (2 - 2 - -2)*1. Let n(s) = -1. Let y(g) = -g**3 + 3*g**2 - g + 3. Let l(q) = -3*q**2 + 3*q - 2. Let d be l(1). Let u(m) = d*n(m) - y(m). Give u(a).
-3
Suppose -21*o + 16*o - 5*m - 10 = 0, -2*o + 4*m = -26. Let a(j) = 5*j - 1. Let p(n) = -6*n + 2. Let d(r) = 7*a(r) + 6*p(r). Give d(o).
2
Let m(a) = a**3 + 4*a**2 - 4*a. Let r be m(-5). Let p(z) be the third derivative of z**6/120 + z**5/10 + z**4/6 - z**3/6 + 64*z**2. What is p(r)?
4
Let v(c) = -3*c + 11. Suppose 0 = u + 5*r - 20, -2*u - 5*r + 39 - 19 = 0. Give v(u).
11
Suppose 5*f - 7 - 3 = 0. Suppose 0 = 5*x + 5, l + 3*x = -4 + 3. Let j(p) = -4*p + 1 + 7*p**2 - 8*p**2 + l*p + 4*p**2. Calculate j(f).
9
Let h be (-2 + 1)*(-3 - (-24)/1). Let y = h + 18. Let l(b) = -1 + 0 + b - 4*b. Calculate l(y).
8
Let p(l) = -7*l**3 + l - 9. Let m(d) = -8*d**3 - d**2 + 2*d - 10. Let z(j) = -6*m(j) + 7*p(j). Determine z(5).
-3
Suppose 4*s + 4*b = 24, 5*s - 10 = -3*b + 12. Let w(k) = s*k + 3 + 0 - 2. Determine w(-7).
-13
Let b(l) = -l**3 + 15*l**2 - 15*l + 9. Let g = -240 + 254. Determine b(g).
-5
Let z(r) = r**2 + 9*r + 5. Let c(x) = 4*x**3 + 2*x + 1 - 6*x**2 - 3*x**3 - 9*x - 7. Let f be c(7). What is z(f)?
-13
Suppose -q = 2*q - 3. Let p = 15 + q. Suppose 13*i = p*i - 3. Let l(o) = 8*o**2. What is l(i)?
8
Let x(p) = 10*p**2 + 1. Let g(u) = u**3 + 14*u**2 - 13*u + 37. Let v(r) = -r**3 - 13*r**2 + 12*r - 37. Let a(d) = 4*g(d) + 3*v(d). Let q be a(-18). Give x(q).
11
Let j = 260 - 256. Let t(s) = -8*s + 6. What is t(j)?
-26
Let c(p) = -2*p**2 + 23*p - 6. Let z(n) = n**2 - 11*n + 3. Let d(v) = 2*c(v) + 5*z(v). Determine d(9).
3
Let o be (-2)/4 - (-6 + 5/(-10)). Let p(l) = 5*l - 5. Let f = 8 + -11. Let i(t) = 4*t - 4. Let m(w) = f*i(w) + 2*p(w). Determine m(o).
-10
Suppose 11*m - 35 = 31. Let y(l) = -5*l**2 - 26*l - 14. Let p(d) = -3*d**2 - 17*d - 9. Let k(o) = -8*p(o) + 5*y(o). Determine k(m).
2
Let b(y) = -3*y**3 - y**2 + 1. Let c(o) = -4*o**3 - 2*o**2 + 1. Let d(r) = -5*b(r) + 4*c(r). Suppose 20 = 5*z - 5*f, 1 = 5*z - 4*f - 12. Give d(z).
-1
Let f = 68 - 66. Let l(z) = z**3 - f*z**3 + 3*z - 10 + 3*z - 7*z - z**2. Calculate l(0).
-10
Let u(l) be the third derivative of -l**6/120 - 2*l**5/15 - l**4/3 - 5*l**3/6 - l**2. Suppose -6*n - 4*y = -4*n + 14, -3*n + 5*y = 21. Determine u(n).
2
Let c = -24 - -26. Let s(b) = -c*b + 0*b**2 + 3 - 6 + 2*b**2 + 6*b. Suppose 0*y - 6 = -3*y. Determine s(y).
13
Suppose -98 = -56*f - 490. Let b(t) = -t**3 - 7*t**2 + t + 7. Give b(f).
0
Suppose 4*y = 6*y. Suppose 2 = 2*x - 2*v, -5*x - 4*v + 14 + y = 0. Let z(l) = 2*l + x*l - l - l - 3. Calculate z(5).
7
Let p(h) = 20*h. Let d be 4 + (-5 + -3)/2 + -1. What is p(d)?
-20
Let f(w) = 5*w**2 + 30*w - 1. Let k(o) = -o**2 - 6*o. Let i(n) = 2*f(n) + 11*k(n). Give i(-4).
6
Let u(j) = 14*j + 21*j - j**2 + 8*j - 36*j - 6. Give u(6).
0
Let a be ((-14)/7)/6*-18. Let p(g) = -4*g + 8. Calculate p(a).
-16
Suppose 2*x - 6 = 5*y + 10, 0 = -3*x - y + 7. Let c(k) = -k**2 - 4*k + 4. Determine c(x).
-17
Let d(r) = r**3 + 4*r**2 - 8*r - 7. Suppose 0 = y - 9 + 1. Let p = 1 + y. Let z = -14 + p. Determine d(z).
8
Let h(l) be the first derivative of -l**7/840 - l**6/90 + l**5/60 + l**4/12 + 11*l**3/3 - 1. Let p(z) be the third derivative of h(z). Give p(-4).
-6
Let j(w) = 3*w**2 - 10*w + 6. Let a(c) = -16*c**2 + 51*c - 30. Let u(v) = -2*a(v) - 11*j(v). What is u(5)?
9
Let h(o) = -1080*o + 1082*o + 4 - 2. Determine h(0).
2
Let v(f) be the first derivative of -f**6/360 + 3*f**5/40 - f**4/3 + 12*f**3 + 40. Let d(u) be the third derivative of v(u). What is d(6)?
10
Let p(u) be the third derivative of 20*u**2 + 0 + 7/60*u**5 + 0*u + 4/3*u**3 + 1/120*u**6 + 3/8*u**4. Determine p(-6).
-10
Let g(a) = -a + 36. Let o(p) = 4*p**2 - 94*p + 70. Let k be o(23). Determine g(k).
12
Let n(f) = f**3 + 4*f**2 - f + 2. Let d(r) = 5*r**3 + 16*r**2 - 10*r + 23. Let o(c) = -d(c) + 6*n(c). Determine o(-7).
10
Let i(f) be the third derivative of 11*f**4/24 + 2*f**3/3 - 209*f**2. What is i(-2)?
-18
Let l(z) = 2*z**3 + 6*z**2 + 5*z - 2. Let a(w) = -w**3 - w**2 - w + 1. Let p(t) = -4*a(t) - l(t). Calculate p(2).
4
Let c = 46 + -74. Let a be 12/c + 146/14. Let f(w) = 8 + w**2 - 11*w + 2 - 2. Give f(a).
-2
Let p(r) = r**2 + 8*r - 13. Suppose 17*z = -86 - 67. Calculate p(z).
-4
Let j(p) = 20*p**3 - p**2 - 7*p - 7. Let y(f) = 21*f**3 - f**2 - 8*f - 8. Let w(u) = 7*j(u) - 6*y(u). Let n be (3/(-18))/((52/(-24))/(-13)). Calculate w(n).
-15
Let d(v) = 253 - 261 + v - v + 4*v. Give d(3).
4
Let q(a) = 4*a**2 - 10*a - 9. Let t(r) = -10*r**2 + 30*r + 26. Let w(o) = 8*q(o) + 3*t(o). What is w(-6)?
18
Let o(v) be the third derivative of -7*v**5/30 + 11*v**4/24 - 23*v**3/6 - 14*v**2. Let s(l) = -5*l**2 + 4*l - 8. Let k(f) = -6*o(f) + 17*s(f). Calculate k(4).
-6
Let t(s) = -s**2 - 6*s - 4. Let p(w) = 12*w - 8. Let c be p(5). Suppose 9*b = -c + 7. Give t(b).
1
Let w(a) = -9*a**2 - 5*a - 1. Let b(p) = 8*p**2 + 4*p + 1. Let o(q) = -5*b(q) - 4*w(q). Let g = 65 - 88. Let t = g - -21. Calculate o(t).
-17
Let z be (-1 + 2)*21*3/9. Let h(r) = 2*r + 7. Let a(k) be the first derivative of 5*k**2/2 + 20*k + 5. Let w(g) = 4*a(g) - 11*h(g). Give w(z).
-11
Let h(l) = -5*l - 6. Let j = -26 - -24. Let r(p) = -4*p - 7. Let x(o) = j*h(o) + 3*r(o). Let m be x(-6). Let z(c) = c**2 - 3*c - 2. Calculate z(m).
-2
Let i(s) = -7*s - 1. Let b(u) = -23*u - 7. Let k(v) = -b(v) + 3*i(v). What is k(-5)?
-6
Let l(n) be the second derivative of -n**5/20 - n**4/12 + n**3/6 - 9*n**2/2 + 4*n. Let c(d) = -d**3 + 2*d**2 + 3*d - 6. Let a be c(2). What is l(a)?
-9
Let x(k) be the third derivative of k**6/24 - k**5/60 + k**4/8 - k**3/3 + 38*k**2. Give x(1).
5
Let f = 110 + -172. Let k be f/12 - (-5)/30. Let a be 0/(2/(-5)*k). Let z(c) = -c**2 - c + 6. Give z(a).
6
Suppose 8*j = -71 + 215. Let w(s) = -s**2 + 17*s + 2. What is w(j)?
-16
Let o(j) = -6*j - 5. Suppose 115 = 3*l + 4*f + 139, 5*l = 2*f - 40. Give o(l).
43
Let p(r) = 2*r - r + 12 - 5 - 3*r. Suppose 3*y = -s + 33, -5*s = -2*s + 5*y - 91. Let v = s - 22. Give p(v).
-3
Let h(a) = -2*a + 17. Let c be h(7). Let j(w) = -w + 3*w - 3*w**2 - 4*w - c + 4. Give j(1).
-4
Let f(r) be the third derivative of -1/2*r**3 + 6*r**2 + 0 + 0*r - 1/6*r**4 - 1/60*r**5. Determine f(-3).
0
Let n(p) = 11 + 2*p + 0*p - 4*p + 3*p - 2*p. Suppose -4*d - 3*k + 0 = 3, 4 = 4*d - 4*k. Give n(d).
11
Let x(r) be the second derivative of -5*r**4/6 + r**3/3 + r**2/2 - 113*r. What is x(-1)?
-11
Let s be 1/(2 - 132/68). Let l(a) = -29 + 16 + s + a. Calculate l(-2).
2
Let w(r) = -7*r. Let n(c) = -c**3 + 7*c**2 - 7*c + 5. Suppose 0 = -5*s + 5, 4*s - 34 = -4*h - h. Let b be n(h). Determine w(b).
7
Let a(t) = -2*t**3 - t. Let s = -209 + 210. Give a(s).
-3
Let m = 31 - 29. Let p be 6/4 + 7/m. Let g(j) = j**3 - 5*j**2 + j. Give g(p).
5
Suppose -3*y - 3 - 16 = 2*f, 37 = -5*f - 4*y. Let p(z) = -z**2 - 2*z + 5. Determine p(f).
-10
Let m(k) = -2*k**2 + 11*k + 13. Let i(s) = -s**2 + 10*s + 11. Let j(g) = -4*i(g) + 3*m(g). What is j(-4)?
-9
Let l = -6 + 12. Let b(i) = 6 + 1 - l - i**3 - 6*i**2 + 2. Calculate b(-6).
3
Let h(z) = -z**2 - 5*z + 1. Let t = -25 + 96. Let g = -75 + t. Determine h(g).
5
Suppose 567 = -121*s - 42*s + 1708. Let g(x) = 7*x + 3*x - 2 - x**2 - 2. Calculate g(s).
17
Suppose -2*p + 4 = -6*p + k, p - 14 = 4*k. Let r(f) be the second derivative of 5*f**3/6 - f**2/2 + 2*f. Calculate r(p).
-11
Let q(i) = -4*i + 24. Let k(v) = -32*v + 486. Let n be k(15). Calculate q(n).
0
Suppose -4 = -2*g - 2. Suppose v = -0*v - g. Let w be 1 + v*(-6 - -1). Let y(z) = z**2 - 2*z - 8. What is y(w)?
16
Suppose 0 = -u + 4*d + 3, -4*u + 12 = -0*u + d. Suppose u*y + 17 = 2. Let h(p) = -p**3 - 5*p**2 - 5*p - 5. What is h(y)?
20
Let z(l) = -7*l**3 - 15*l**2 + 19*l - 1. Let b = 4 + -7. Let n(g) = -4*g**3 - 8*g**2 + 10*g. Let o(v) = b*z(v) + 5*n(v). Give o(-6).
9
Let k(y) = -6*y**3 + 2*y**2 - y. Let r(n) = n**3 + 24*n**2 - 25*n + 1. Let h be r(-25). Calculate k(h).
-5
Let l be 3*-8 - 130/(-10). Let a(b) = -b**2 - 10*b + 22. Give a(l).
11
Let x(f) be the second derivative of f**3/6 - 3*f**2/2 - 176*f. Calculate x(9).
6
Let u(v) = 3*v**3 + 24*v**2 - 19*v - 7. Let q(o) = o**3 + 8*o**2 - 6*o - 2. Let k(t)